ommon factor of u and i?
4
Suppose 4*v - 12 = -2*x - 4, -9 = -2*x - 5*v. Let m(b) = 4*b**3 - 6*b**2 + 2*b + 2. Let o be m(x). What is the highest common factor of 2 and o?
2
Let z(y) = 39*y + 147. Let h(g) = 83*g + 293. Let f(c) = 6*h(c) - 13*z(c). Let b be f(-22). What is the greatest common divisor of 405 and b?
45
Suppose 0 = -11*y + 23*y + 60. Let q = 3 + -3. Let m be (-5)/y*(1 - q). Calculate the highest common divisor of 5 and m.
1
Let f(z) = -264*z - 480. Let b be f(-3). What is the highest common factor of b and 468?
156
Let q be (5/3)/((-512)/(-12288)). Calculate the greatest common factor of q and 2840.
40
Let s = 0 - -2. Let x(w) = 2*w**2 + 18*w + 29. Let z be x(-7). Suppose 0 = 3*v + s*k - 8, -z = -v - 4*k + 5. Calculate the highest common divisor of 14 and v.
2
Suppose 3*s = -2*h + 2786, -16*h + 12*h = -4*s + 3728. Calculate the greatest common factor of s and 60.
30
Suppose -26 = -5*l + 59. Let z(a) = 5*a**2 - 59*a - 8. Let f be z(12). Let g be (f + -1)*1785/63. Calculate the greatest common factor of l and g.
17
Let k = 26436 + -24171. What is the highest common factor of 1057 and k?
151
Let s be 10/18*9 + 53. What is the highest common factor of 2349 and s?
29
Let x = 0 + 6. Let q(c) be the third derivative of c**5/60 - c**4/8 - 8*c**3/3 - 2*c**2 - 42*c. Let y be q(x). Calculate the highest common factor of 8 and y.
2
Suppose -30*s + 22140 = -0*s. Let y = s - 228. Calculate the highest common divisor of y and 90.
30
Let t = -3045 + 5792. What is the greatest common divisor of t and 201?
67
Let w = -130234 - -130619. Let b(o) = -34*o + 1. Let l be b(-1). What is the highest common factor of l and w?
35
Suppose -21*q + 280 = -19*q. Suppose -5*u + q = 2*u. Calculate the greatest common factor of 160 and u.
20
Suppose o = 3*p + 147, 0*p = -5*o + 3*p + 723. Suppose 3*m = -2*b + o, 4*b + 2*m = 7*m + 310. Calculate the greatest common factor of b and 45.
15
Let v(w) = 2*w + 10. Let r be v(7). Let f be (-7)/(-14)*(-9)/(-18) + (-2686)/(-8). What is the highest common divisor of r and f?
24
Suppose -106 - 43 = -3*s + 4*o, 5*s - 231 = -2*o. What is the greatest common factor of s and 1598?
47
Let h be (40/(-72))/(12/54)*-332. What is the highest common factor of 20 and h?
10
Let w be 506 + ((-1)/(4/(-27)) - 39/(-156)). Calculate the highest common factor of w and 2736.
171
Let f = 3074 - 2825. Calculate the greatest common divisor of 27 and f.
3
Let s = -43717 - -44173. Calculate the highest common factor of 744 and s.
24
Let x = 97852 + -28742. Calculate the highest common divisor of 10 and x.
10
Let h(t) = -2*t**2 + 323*t + 34. Let k be h(0). Calculate the highest common factor of 16252 and k.
34
Let h = 12 + 16. Let o = 297 + -446. Let d = -9 - o. Calculate the greatest common divisor of d and h.
28
Let o(k) = -98*k**3 + 73*k**2 + 75*k + 2. Let r be o(-1). Calculate the greatest common factor of 258 and r.
2
Let j(z) = -2*z**3 + 6*z**2 + 25*z + 21. Let x be j(-1). Calculate the greatest common divisor of x and 3508.
4
Suppose 0 = 49*t - 46*t - 18. Let h be (-6738)/9 + -1 + 10/t. Let j be (h/16)/(-11) + (-1)/4. Calculate the highest common divisor of 6 and j.
2
Let o = 1487 + -1212. Suppose -k - 150 = -4*k. What is the highest common factor of o and k?
25
Let n be (9 - 12)/((-2)/6). Suppose -n*w = -11*w + 40. What is the greatest common factor of 20 and w?
20
Let w be (-8195)/132 - 1/(-12). Let n = w + 70. What is the highest common factor of n and 36?
4
Let u be (3 + (3 - 6))*(-1 - -2). Suppose 4*o = -u*o. Suppose f + 18 - 26 = o. Calculate the greatest common factor of f and 48.
8
Suppose 6*z = 5*z + 88. Suppose -13*u + 2*n - 114 = -17*u, -3*u - 3*n = -75. What is the highest common divisor of u and z?
8
Suppose -122 = -19*k - 559. Let d be k - -50 - -8*1. What is the highest common divisor of d and 85?
5
Let m = -727 - -720. Let c(v) = -13*v + 119. Let d be c(m). Suppose -4*f - 5*n + 110 = 0, 2*f - 50 - 14 = 2*n. What is the highest common factor of f and d?
30
Let x be -1*4/12*-53950 + (-20)/15. What is the greatest common divisor of 74 and x?
74
Let r = 1 + 5. Let q = 22 - 4. What is the greatest common factor of q and r?
6
Suppose 5*j = 4*t + 70, -3*j + 0*j = -t - 49. Let d be (-12)/(-54) + 1076/j. Suppose 0 = -1532*n + 1519*n + 780. What is the greatest common divisor of d and n?
60
Suppose -5*p = -v + 9, 3*p - 5 = -6*v + 4*v. Let n(u) = u**3 - 2*u**2 + 12*u - 3. Let i be n(v). Calculate the highest common factor of 7 and i.
7
Let j = 983 + -981. Let w = 8 + 2. Calculate the greatest common factor of j and w.
2
Let t = -408 + 669. Calculate the highest common divisor of 957 and t.
87
Let t(m) = 171*m + 13621. Let w be t(-44). Calculate the highest common divisor of 13 and w.
13
Let z(x) be the second derivative of -5*x**2 + 0 - 11/6*x**3 + 14*x. Let k be z(-2). Calculate the highest common divisor of k and 3.
3
Let g(z) = -111*z**3 - z**2 + 3*z + 5. Let o be g(-2). Suppose 0 = 12*n - o + 247. What is the highest common divisor of n and 53?
53
Let v = 4491 - 3692. Calculate the highest common divisor of 188 and v.
47
Let t be (84/30)/(6*1/15). Let n be (2 - 0/4) + 0. Suppose 3*r + 172 = 3*l + n*r, -4*l + 240 = -4*r. Calculate the highest common divisor of l and t.
7
Suppose -16*n + 23*n - 3*n = 163980. Calculate the greatest common divisor of 45 and n.
45
Suppose 5*p - 1540 = -4*r, -3*p + 5*p = 4*r - 1540. Let i = -267 + 302. What is the greatest common factor of i and r?
35
Suppose 167 = 2*u - 5*j, -u - j = -6*j - 96. Suppose u*l = 73*l - 18. Let a be 160/5*9/4. Calculate the highest common factor of l and a.
9
Suppose -2*b + 10 = -3*w, 164*w - 5 = -b + 165*w. What is the highest common divisor of b and 1810?
5
Suppose -h + 4*h = 75. Let c be 988/266 + -2*1/(-7). Let k be (-754)/(-10) - c/10. What is the greatest common divisor of k and h?
25
Let y = -959 + 964. Suppose -2 + 0 = -j. Suppose -j*i + 64 - 4 = 0. What is the greatest common factor of i and y?
5
Let r(n) = -n**3 - 7*n**2 - 10*n - 16. Let i be r(-6). Let g be 620/16 - -1 - (-2)/i. What is the greatest common factor of 50 and g?
10
Suppose -3*f + 25*f - 396 = 4*f. Suppose -5*m - 100 = -0*m. Let s = f + m. Calculate the greatest common divisor of 10 and s.
2
Suppose 2*i + 571 = 3*z + 2486, 3*z + 3839 = 4*i. What is the highest common divisor of 52 and i?
26
Let v be (312/13 - 10) + -13. Calculate the greatest common factor of 103 and v.
1
Let s(b) = -7*b - 30. Let r be s(-6). Suppose r*x = -2*x + 1232. What is the greatest common divisor of 198 and x?
22
Suppose 0 = 452*h - 423*h - 10208. Let n = 71 - 49. What is the greatest common divisor of h and n?
22
Let u be 2/7 - 2*(-892)/28. What is the greatest common divisor of u and 72?
8
Let u = -17949 + 41703. Calculate the highest common factor of u and 222.
222
Let p be ((-3592)/32 - -26)*(-12)/9. What is the highest common factor of p and 66815?
115
Let q be ((-2173)/123)/((-2 + (-32)/(-12))/(-38)). What is the highest common factor of q and 38?
19
Let t(g) = -25 - 15 + 20*g + 42. Let k = -12 + 14. Let r be t(k). Calculate the highest common factor of r and 7.
7
Suppose -2*g - 4*i + 9 = -3*g, 0 = g + 3*i - 5. Let d be g/(-2) - (-284)/8. Let q be 10 - (3 - (3 - -2)). Calculate the greatest common factor of q and d.
12
Let w(b) = -78*b**3 - 6*b**2 + 2*b. Let h be w(-2). Let m = h + -274. What is the greatest common factor of 23 and m?
23
Suppose 5*k - 56967 = -7*s + 4*s, -4*k + 10*s + 45648 = 0. Calculate the greatest common factor of 87 and k.
87
Let a be (0 + (2 - 8))/(-5*(-22)/(-274835)). What is the greatest common divisor of a and 57?
57
Let m = -1343 - -1351. Let c(a) = 6 - a**3 + 8*a**2 + 0*a**3 + 3*a - 14. Let i be c(m). What is the greatest common divisor of i and 176?
16
Let l = -114 - -37. Let i(d) = d**3 + d**2 + d + 140. Let v be i(0). Let p = v + l. What is the greatest common factor of p and 7?
7
Let z = -144015 - -144245. Suppose -i = 2*w - 5*i - 24, -w - 9 = 5*i. Suppose -4*v + w*v - 92 = 0. Calculate the highest common factor of z and v.
46
Let t be ((-50)/(-30))/((-1)/(-15)). Suppose 0 = 2*g - 4*g - 2*q + 1548, -q = -2*g + 1551. Calculate the highest common divisor of t and g.
25
Suppose 1 = -m + 5*f, 0 = 4*m + 3*f - 0*f - 19. Let s be (-1 - 122/m)*(-120)/14. Calculate the highest common divisor of 5